{"id":13645,"date":"2025-08-06T08:08:12","date_gmt":"2025-08-06T08:08:12","guid":{"rendered":"https:\/\/adoring-brahmagupta.185-87-21-9.plesk.page\/?page_id=13645"},"modified":"2025-09-02T13:15:11","modified_gmt":"2025-09-02T13:15:11","slug":"impressum-health-fit-store-paderborn","status":"publish","type":"page","link":"https:\/\/health-and-fitstore.de\/index.php\/impressum-health-fit-store-paderborn\/","title":{"rendered":"Impressum | Health &#038; Fit Store Paderborn"},"content":{"rendered":"\t\t<div data-elementor-type=\"wp-page\" data-elementor-id=\"13645\" class=\"elementor elementor-13645\" data-elementor-post-type=\"page\">\n\t\t\t\t<div class=\"elementor-element elementor-element-1a5b893 e-con-full e-flex wpr-particle-no wpr-jarallax-no wpr-parallax-no wpr-sticky-section-no wpr-equal-height-no e-con e-parent\" data-id=\"1a5b893\" data-element_type=\"container\" data-e-type=\"container\">\n\t\t<div class=\"elementor-element elementor-element-2556ab3 e-flex e-con-boxed wpr-particle-no wpr-jarallax-no wpr-parallax-no wpr-sticky-section-no wpr-equal-height-no e-con e-child\" data-id=\"2556ab3\" data-element_type=\"container\" data-e-type=\"container\">\n\t\t\t\t\t<div class=\"e-con-inner\">\n\t\t\t\t<div class=\"elementor-element elementor-element-962c157 elementor-widget elementor-widget-heading\" data-id=\"962c157\" data-element_type=\"widget\" data-e-type=\"widget\" data-widget_type=\"heading.default\">\n\t\t\t\t\t<h2 class=\"elementor-heading-title elementor-size-default\">Impressum<\/h2>\t\t\t\t<\/div>\n\t\t\t\t<div class=\"elementor-element elementor-element-3a66009 elementor-widget elementor-widget-text-editor\" data-id=\"3a66009\" data-element_type=\"widget\" data-e-type=\"widget\" data-widget_type=\"text-editor.default\">\n\t\t\t\t\t\t\t\t\t<h2 class=\"p3\"><b>Health&amp;FitStore | Sportnahrung Paderborn<\/b><b><\/b><\/h2><p class=\"p4\">Inhaber: Felix Sude<\/p><p class=\"p4\">Detmolder Stra\u00dfe 29<br \/>33102 Paderborn<\/p><p class=\"p4\">Deutschland<\/p><p class=\"p4\">Telefon: 05251 5489733<\/p><p class=\"p4\">E-Mail: felixsude@outlook.de<\/p><h2 class=\"p3\"><b>Verantwortlich f\u00fcr den Inhalt nach \u00a7 55 Abs. 2 RStV:<\/b><b><\/b><\/h2><p class=\"p4\">Felix Sude<\/p><p class=\"p4\">Detmolder Stra\u00dfe 29<br \/>33102 Paderborn<\/p><h2 class=\"p3\"><b>Hinweis gem\u00e4\u00df \u00a7 36 Verbraucherstreitbeilegungsgesetz (VSBG):<\/b><b><\/b><\/h2><p class=\"p4\">Wir sind nicht verpflichtet und nicht bereit, an einem Streitbeilegungsverfahren vor einer Verbraucherschlichtungsstelle teilzunehmen.<\/p><p class=\"p3\"><b>Plattform der EU-Kommission zur Online-Streitbeilegung (OS-Plattform):<\/b><b><\/b><\/p><p class=\"p4\"><a href=\"https:\/\/ec.europa.eu\/consumers\/odr\">https:\/\/ec.europa.eu\/consumers\/odr<\/a><\/p>\t\t\t\t\t\t\t\t<\/div>\n\t\t\t\t\t<\/div>\n\t\t\t\t<\/div>\n\t\t\t\t<\/div>\n\t\t\t\t<\/div>\n\t\t","protected":false},"excerpt":{"rendered":"<p>Impressum Health&amp;FitStore | Sportnahrung Paderborn Inhaber: Felix Sude Detmolder Stra\u00dfe 29 33102 Paderborn Deutschland Telefon: 05251 5489733 E-Mail: felixsude@outlook.de Verantwortlich f\u00fcr den Inhalt nach \u00a7 55 Abs. 2 RStV: Felix Sude Detmolder Stra\u00dfe 29 33102 Paderborn Hinweis gem\u00e4\u00df \u00a7 36 Verbraucherstreitbeilegungsgesetz (VSBG): Wir sind nicht verpflichtet und nicht bereit, an einem Streitbeilegungsverfahren vor einer Verbraucherschlichtungsstelle teilzunehmen. Plattform der EU-Kommission zur Online-Streitbeilegung (OS-Plattform): https:\/\/ec.europa.eu\/consumers\/odr<\/p>\n","protected":false},"author":1,"featured_media":0,"parent":0,"menu_order":0,"comment_status":"closed","ping_status":"closed","template":"","meta":{"footnotes":""},"class_list":["post-13645","page","type-page","status-publish","hentry"],"yoast_head":"<!-- This site is optimized with the Yoast SEO plugin v27.4 - https:\/\/yoast.com\/product\/yoast-seo-wordpress\/ -->\n<title>Impressum | Health &amp; Fit Store Paderborn - Health &amp; Fit Store<\/title>\n<meta name=\"description\" content=\"Impressum f\u00fcr den Health &amp; Fit Store Paderborn. Verantwortliche Stelle, Kontakt, Handelsregister und rechtliche Hinweise.\" \/>\n<meta name=\"robots\" content=\"index, follow, max-snippet:-1, max-image-preview:large, max-video-preview:-1\" \/>\n<link rel=\"canonical\" href=\"https:\/\/health-and-fitstore.de\/index.php\/impressum-health-fit-store-paderborn\/\" \/>\n<meta property=\"og:locale\" content=\"de_DE\" \/>\n<meta property=\"og:type\" content=\"article\" \/>\n<meta property=\"og:title\" content=\"Impressum | Health &amp; Fit Store Paderborn - Health &amp; Fit Store\" \/>\n<meta property=\"og:description\" content=\"Impressum f\u00fcr den Health &amp; Fit Store Paderborn. Verantwortliche Stelle, Kontakt, Handelsregister und rechtliche Hinweise.\" \/>\n<meta property=\"og:url\" content=\"https:\/\/health-and-fitstore.de\/index.php\/impressum-health-fit-store-paderborn\/\" \/>\n<meta property=\"og:site_name\" content=\"Health &amp; Fit Store\" \/>\n<meta property=\"article:modified_time\" content=\"2025-09-02T13:15:11+00:00\" \/>\n<meta name=\"twitter:card\" content=\"summary_large_image\" \/>\n<meta name=\"twitter:label1\" content=\"Gesch\u00e4tzte Lesezeit\" \/>\n\t<meta name=\"twitter:data1\" content=\"1\u00a0Minute\" \/>\n<script type=\"application\/ld+json\" class=\"yoast-schema-graph\">{\"@context\":\"https:\\\/\\\/schema.org\",\"@graph\":[{\"@type\":\"WebPage\",\"@id\":\"https:\\\/\\\/health-and-fitstore.de\\\/index.php\\\/impressum-health-fit-store-paderborn\\\/\",\"url\":\"https:\\\/\\\/health-and-fitstore.de\\\/index.php\\\/impressum-health-fit-store-paderborn\\\/\",\"name\":\"Impressum | Health & Fit Store Paderborn - Health &amp; Fit Store\",\"isPartOf\":{\"@id\":\"https:\\\/\\\/health-and-fitstore.de\\\/#website\"},\"datePublished\":\"2025-08-06T08:08:12+00:00\",\"dateModified\":\"2025-09-02T13:15:11+00:00\",\"description\":\"Impressum f\u00fcr den Health & Fit Store Paderborn. Verantwortliche Stelle, Kontakt, Handelsregister und rechtliche Hinweise.\",\"breadcrumb\":{\"@id\":\"https:\\\/\\\/health-and-fitstore.de\\\/index.php\\\/impressum-health-fit-store-paderborn\\\/#breadcrumb\"},\"inLanguage\":\"de\",\"potentialAction\":[{\"@type\":\"ReadAction\",\"target\":[\"https:\\\/\\\/health-and-fitstore.de\\\/index.php\\\/impressum-health-fit-store-paderborn\\\/\"]}]},{\"@type\":\"BreadcrumbList\",\"@id\":\"https:\\\/\\\/health-and-fitstore.de\\\/index.php\\\/impressum-health-fit-store-paderborn\\\/#breadcrumb\",\"itemListElement\":[{\"@type\":\"ListItem\",\"position\":1,\"name\":\"Startseite\",\"item\":\"https:\\\/\\\/health-and-fitstore.de\\\/\"},{\"@type\":\"ListItem\",\"position\":2,\"name\":\"Impressum | Health &#038; Fit Store Paderborn\"}]},{\"@type\":\"WebSite\",\"@id\":\"https:\\\/\\\/health-and-fitstore.de\\\/#website\",\"url\":\"https:\\\/\\\/health-and-fitstore.de\\\/\",\"name\":\"Health &amp; Fit Store\",\"description\":\"\",\"potentialAction\":[{\"@type\":\"SearchAction\",\"target\":{\"@type\":\"EntryPoint\",\"urlTemplate\":\"https:\\\/\\\/health-and-fitstore.de\\\/?s={search_term_string}\"},\"query-input\":{\"@type\":\"PropertyValueSpecification\",\"valueRequired\":true,\"valueName\":\"search_term_string\"}}],\"inLanguage\":\"de\"}]}<\/script>\n<!-- \/ Yoast SEO plugin. -->","yoast_head_json":{"title":"Impressum | Health & Fit Store Paderborn - Health &amp; Fit Store","description":"Impressum f\u00fcr den Health & Fit Store Paderborn. Verantwortliche Stelle, Kontakt, Handelsregister und rechtliche Hinweise.","robots":{"index":"index","follow":"follow","max-snippet":"max-snippet:-1","max-image-preview":"max-image-preview:large","max-video-preview":"max-video-preview:-1"},"canonical":"https:\/\/health-and-fitstore.de\/index.php\/impressum-health-fit-store-paderborn\/","og_locale":"de_DE","og_type":"article","og_title":"Impressum | Health & Fit Store Paderborn - Health &amp; Fit Store","og_description":"Impressum f\u00fcr den Health & Fit Store Paderborn. Verantwortliche Stelle, Kontakt, Handelsregister und rechtliche Hinweise.","og_url":"https:\/\/health-and-fitstore.de\/index.php\/impressum-health-fit-store-paderborn\/","og_site_name":"Health &amp; Fit Store","article_modified_time":"2025-09-02T13:15:11+00:00","twitter_card":"summary_large_image","twitter_misc":{"Gesch\u00e4tzte Lesezeit":"1\u00a0Minute"},"schema":{"@context":"https:\/\/schema.org","@graph":[{"@type":"WebPage","@id":"https:\/\/health-and-fitstore.de\/index.php\/impressum-health-fit-store-paderborn\/","url":"https:\/\/health-and-fitstore.de\/index.php\/impressum-health-fit-store-paderborn\/","name":"Impressum | Health & Fit Store Paderborn - Health &amp; Fit Store","isPartOf":{"@id":"https:\/\/health-and-fitstore.de\/#website"},"datePublished":"2025-08-06T08:08:12+00:00","dateModified":"2025-09-02T13:15:11+00:00","description":"Impressum f\u00fcr den Health & Fit Store Paderborn. Verantwortliche Stelle, Kontakt, Handelsregister und rechtliche Hinweise.","breadcrumb":{"@id":"https:\/\/health-and-fitstore.de\/index.php\/impressum-health-fit-store-paderborn\/#breadcrumb"},"inLanguage":"de","potentialAction":[{"@type":"ReadAction","target":["https:\/\/health-and-fitstore.de\/index.php\/impressum-health-fit-store-paderborn\/"]}]},{"@type":"BreadcrumbList","@id":"https:\/\/health-and-fitstore.de\/index.php\/impressum-health-fit-store-paderborn\/#breadcrumb","itemListElement":[{"@type":"ListItem","position":1,"name":"Startseite","item":"https:\/\/health-and-fitstore.de\/"},{"@type":"ListItem","position":2,"name":"Impressum | Health &#038; Fit Store Paderborn"}]},{"@type":"WebSite","@id":"https:\/\/health-and-fitstore.de\/#website","url":"https:\/\/health-and-fitstore.de\/","name":"Health &amp; Fit Store","description":"","potentialAction":[{"@type":"SearchAction","target":{"@type":"EntryPoint","urlTemplate":"https:\/\/health-and-fitstore.de\/?s={search_term_string}"},"query-input":{"@type":"PropertyValueSpecification","valueRequired":true,"valueName":"search_term_string"}}],"inLanguage":"de"}]}},"_links":{"self":[{"href":"https:\/\/health-and-fitstore.de\/index.php\/wp-json\/wp\/v2\/pages\/13645","targetHints":{"allow":["GET"]}}],"collection":[{"href":"https:\/\/health-and-fitstore.de\/index.php\/wp-json\/wp\/v2\/pages"}],"about":[{"href":"https:\/\/health-and-fitstore.de\/index.php\/wp-json\/wp\/v2\/types\/page"}],"author":[{"embeddable":true,"href":"https:\/\/health-and-fitstore.de\/index.php\/wp-json\/wp\/v2\/users\/1"}],"replies":[{"embeddable":true,"href":"https:\/\/health-and-fitstore.de\/index.php\/wp-json\/wp\/v2\/comments?post=13645"}],"version-history":[{"count":11,"href":"https:\/\/health-and-fitstore.de\/index.php\/wp-json\/wp\/v2\/pages\/13645\/revisions"}],"predecessor-version":[{"id":14232,"href":"https:\/\/health-and-fitstore.de\/index.php\/wp-json\/wp\/v2\/pages\/13645\/revisions\/14232"}],"wp:attachment":[{"href":"https:\/\/health-and-fitstore.de\/index.php\/wp-json\/wp\/v2\/media?parent=13645"}],"curies":[{"name":"wp","href":"https:\/\/api.w.org\/{rel}","templated":true}]}}